ate the remainder when 1887 is divided by 11.
6
What is the remainder when 144603 is divided by 21?
18
What is the remainder when 141080 is divided by 45?
5
What is the remainder when 38570 is divided by 470?
30
Calculate the remainder when 746118 is divided by 5.
3
What is the remainder when 1217 is divided by 155?
132
What is the remainder when 15164180 is divided by 22?
20
What is the remainder when 1973598 is divided by 978?
972
Calculate the remainder when 34632 is divided by 542.
486
What is the remainder when 28851 is divided by 1697?
2
What is the remainder when 14106 is divided by 52?
14
What is the remainder when 1473 is divided by 1450?
23
What is the remainder when 39130 is divided by 130?
0
What is the remainder when 3084 is divided by 341?
15
What is the remainder when 437419 is divided by 39764?
15
What is the remainder when 13445 is divided by 3359?
9
Calculate the remainder when 75670 is divided by 37825.
20
What is the remainder when 24891 is divided by 66?
9
What is the remainder when 4831 is divided by 1481?
388
Calculate the remainder when 47675 is divided by 20.
15
What is the remainder when 63818 is divided by 42?
20
What is the remainder when 3179 is divided by 1586?
7
What is the remainder when 8233 is divided by 229?
218
What is the remainder when 89820 is divided by 2040?
60
What is the remainder when 13018 is divided by 440?
258
What is the remainder when 15667 is divided by 68?
27
What is the remainder when 54836 is divided by 18274?
14
What is the remainder when 411 is divided by 15?
6
Calculate the remainder when 5707 is divided by 46.
3
What is the remainder when 118841 is divided by 93?
80
Calculate the remainder when 8142 is divided by 896.
78
What is the remainder when 29984 is divided by 9988?
20
Calculate the remainder when 31723 is divided by 6343.
8
Calculate the remainder when 65640 is divided by 5965.
25
Calculate the remainder when 64086 is divided by 145.
141
Calculate the remainder when 98163 is divided by 48.
3
What is the remainder when 171570 is divided by 11435?
45
What is the remainder when 30878 is divided by 448?
414
Calculate the remainder when 241 is divided by 69.
34
What is the remainder when 8303 is divided by 39?
35
Calculate the remainder when 715964 is divided by 288.
284
Calculate the remainder when 24859 is divided by 4138.
31
What is the remainder when 13740 is divided by 1694?
188
Calculate the remainder when 733481 is divided by 102.
101
Calculate the remainder when 2387 is divided by 328.
91
Calculate the remainder when 6356 is divided by 1585.
16
What is the remainder when 124749 is divided by 452?
449
Calculate the remainder when 6585 is divided by 1631.
61
What is the remainder when 9030 is divided by 130?
60
What is the remainder when 999 is divided by 792?
207
What is the remainder when 1116 is divided by 24?
12
What is the remainder when 79628 is divided by 20?
8
Calculate the remainder when 239810 is divided by 215.
85
What is the remainder when 35436 is divided by 17706?
24
What is the remainder when 13736 is divided by 237?
227
Calculate the remainder when 128080 is divided by 64039.
2
What is the remainder when 126077 is divided by 394?
391
What is the remainder when 2117 is divided by 230?
47
What is the remainder when 26832 is divided by 5365?
7
What is the remainder when 2034 is divided by 82?
66
Calculate the remainder when 1117 is divided by 106.
57
What is the remainder when 5393 is divided by 1075?
18
Calculate the remainder when 150171 is divided by 108.
51
Calculate the remainder when 667450 is divided by 166856.
26
What is the remainder when 105912 is divided by 32?
24
What is the remainder when 2077 is divided by 87?
76
What is the remainder when 26341 is divided by 62?
53
Calculate the remainder when 8319 is divided by 8313.
6
Calculate the remainder when 32271 is divided by 44.
19
Calculate the remainder when 14435 is divided by 104.
83
What is the remainder when 15712 is divided by 129?
103
What is the remainder when 121599 is divided by 795?
759
What is the remainder when 960 is divided by 658?
302
What is the remainder when 3873 is divided by 240?
33
Calculate the remainder when 21439 is divided by 1648.
15
Calculate the remainder when 54511 is divided by 45.
16
What is the remainder when 66788 is divided by 251?
22
Calculate the remainder when 60487 is divided by 1142.
1103
Calculate the remainder when 963 is divided by 293.
84
What is the remainder when 67863 is divided by 277?
275
Calculate the remainder when 2147 is divided by 966.
215
What is the remainder when 612128 is divided by 205?
203
What is the remainder when 10548 is divided by 14?
6
What is the remainder when 29105 is divided by 2?
1
What is the remainder when 2582 is divided by 55?
52
What is the remainder when 69611 is divided by 65?
61
What is the remainder when 118304 is divided by 29536?
160
Calculate the remainder when 82693 is divided by 5167.
21
Calculate the remainder when 19174 is divided by 2130.
4
Calculate the remainder when 88877 is divided by 220.
217
Calculate the remainder when 2417 is divided by 131.
59
Calculate the remainder when 3161 is divided by 628.
21
Calculate the remainder when 3774 is divided by 229.
110
Calculate the remainder when 82532 is divided by 41.
40
What is the remainder when 30118 is divided by 3346?
4
What is the remainder when 1253 is divided by 14?
7
What is the remainder when 986748 is divided by 32?
28
Calculate the remainder when 4164 is divided by 44.
28
What is the remainder when 3212 is divided by 1606?
0
What is the remainder when 4344 is divided by 618?
18
What is the remainder when 2114 is divided by 345?
44
What is the remainder when 14075 is divided by 6961?
153
What is the remainder when 1007 is divided by 317?
56
Calculate the remainder when 527220 is divided by 263606.
8
What is the remainder when 2367 is divided by 394?
3
What is the remainder when 44541 is divided by 8830?
391
What is the remainder when 8138 is divided by 407?
405
What is the remainder when 140758 is divided by 211?
21
Calculate the remainder when 1275 is divided by 212.
3
What is the remainder when 6268 is divided by 6239?
29
What is the remainder when 69358 is divided by 48?
46
What is the remainder when 415 is divided by 241?
174
Calculate the remainder when 21050 is divided by 329.
323
What is the remainder when 2290110 is divided by 567?
564
Calculate the remainder when 175945 is divided by 564.
541
Calculate the remainder when 740 is divided by 305.
130
Calculate the remainder when 1384 is divided by 84.
40
What is the remainder when 41684 is divided by 492?
356
What is the remainder when 22708 is divided by 873?
10
What is the remainder when 1021150 is divided by 44?
42
What is the remainder when 43628 is divided by 1322?
2
What is the remainder when 14076 is divided by 542?
526
Calculate the remainder when 2362 is divided by 469.
17
Calculate the remainder when 6181 is divided by 52.
45
What is the remainder when 5602 is divided by 100?
2
Calculate the remainder when 1692 is divided by 502.
186
Calculate the remainder when 1832 is divided by 441.
68
What is the remainder when 30868 is divided by 23?
2
Calculate the remainder when 1358 is divided by 332.
30
Calculate the remainder when 31841 is divided by 54.
35
What is the remainder when 756 is divided by 211?
123
Calculate the remainder when 256279 is divided by 567.
562
Calculate the remainder when 302209 is divided by 394.
11
What is the remainder when 691 is divided by 231?
229
What is the remainder when 142 is divided by 66?
10
What is the remainder when 2203 is divided by 98?
47
What is the remainder when 5832 is divided by 37?
23
What is the remainder when 11428 is divided by 229?
207
Calculate the remainder when 4311 is divided by 201.
90
Calculate the remainder when 2895 is divided by 742.
669
Calculate the remainder when 1078 is divided by 445.
188
Calculate the remainder when 1567 is divided by 1413.
154
What is the remainder when 11715 is divided by 221?
2
Calculate the remainder when 72501 is divided by 159.
156
What is the remainder when 13322 is divided by 111?
2
Calculate the remainder when 19148 is divided by 23.
12
Calculate the remainder when 233274 is divided by 16661.
20
Calculate t